
In base 6, what is -5 - 12134?
-12143
In base 14, what is -4 + 31?
2b
In base 5, what is -10 - 131?
-141
In base 13, what is 0 - -359?
359
In base 15, what is -1 + 156?
155
In base 9, what is 1 - -41?
42
In base 8, what is 4244 + -3?
4241
In base 14, what is -1 + 43?
42
In base 14, what is b + 18?
25
In base 7, what is 0 + -651?
-651
In base 4, what is -211 + 10?
-201
In base 11, what is 121 + 3?
124
In base 7, what is -6 - 30?
-36
In base 11, what is 2 - -19?
20
In base 16, what is 2be - 2?
2bc
In base 8, what is 0 - -317?
317
In base 11, what is 667 - -6?
672
In base 5, what is 2 - 12?
-10
In base 9, what is 4 - 25?
-21
In base 4, what is 102102 + 3?
102111
In base 16, what is 4 + -55?
-51
In base 15, what is 1 - -8?
9
In base 12, what is -64 - -8?
-58
In base 4, what is -1112131 + 1?
-1112130
In base 16, what is -22 + -8?
-2a
In base 2, what is 101 - -11010?
11111
In base 7, what is -234 - 34?
-301
In base 9, what is -2055 + 4?
-2051
In base 12, what is -5 - -1b3?
1aa
In base 13, what is 3 - -148?
14b
In base 4, what is -20 - 133?
-213
In base 4, what is -3 + 1213?
1210
In base 10, what is 4142 - 3?
4139
In base 9, what is 388 - -71?
470
In base 9, what is -4 - -652?
647
In base 15, what is -1 + c6?
c5
In base 6, what is 213 - 5?
204
In base 7, what is 0 - 2165?
-2165
In base 2, what is -10110 - -11?
-10011
In base 10, what is -86 + -3?
-89
In base 4, what is 11113 + 20?
11133
In base 9, what is 2 - -385?
387
In base 13, what is -2 + -414?
-416
In base 10, what is -8 - 24?
-32
In base 7, what is -333 + -25?
-361
In base 11, what is -10 + 7?
-4
In base 13, what is 5 - -bc?
c4
In base 2, what is 100110000101100 + -1?
100110000101011
In base 9, what is 774 - -20?
804
In base 11, what is 24 + 14?
38
In base 15, what is -ea00 + -3?
-ea03
In base 12, what is -b1 + 0?
-b1
In base 8, what is -4 + 11?
5
In base 14, what is -1 - -c4?
c3
In base 8, what is -12 - 52?
-64
In base 7, what is 2 + 654?
656
In base 10, what is 552 + 6?
558
In base 16, what is -2 - 60?
-62
In base 5, what is 3 - -102434?
102442
In base 8, what is 0 + -447?
-447
In base 6, what is 10 + -335?
-325
In base 8, what is -2371 - 7?
-2400
In base 7, what is 6134 + -4?
6130
In base 7, what is -3 - 10?
-13
In base 7, what is 0 + -456?
-456
In base 15, what is 73 + 5?
78
In base 13, what is 46 - 11?
35
In base 2, what is 100000101010 - 1?
100000101001
In base 16, what is -a - 28?
-32
In base 12, what is -85 + 2?
-83
In base 10, what is 5 + -1223?
-1218
In base 12, what is -2b6 - 1b?
-315
In base 6, what is 101 - -5?
110
In base 6, what is 124 + -31?
53
In base 7, what is 11 - 102?
-61
In base 4, what is 2 - 2131?
-2123
In base 5, what is -14 + 10032?
10013
In base 13, what is -42 + 1?
-41
In base 4, what is 101003 - 3?
101000
In base 14, what is d80 - -5?
d85
In base 8, what is -4 + -62?
-66
In base 10, what is -180 + -1?
-181
In base 13, what is -10b - 3?
-111
In base 14, what is -6 + 39?
33
In base 15, what is -657 + -1?
-658
In base 8, what is 25 - -4?
31
In base 4, what is 10 - -1332?
2002
In base 3, what is 101 + 1211?
2012
In base 16, what is -5 - -15?
10
In base 8, what is 65 + -26?
37
In base 6, what is 12 + 211?
223
In base 14, what is c + -4a?
-3c
In base 14, what is -145 - -3?
-142
In base 6, what is -2 - -54033?
54031
In base 9, what is 864 + 2?
866
In base 5, what is -2 + 3404?
3402
In base 2, what is 101 - -1001100000?
1001100101
In base 10, what is 600 + 4?
604
In base 5, what is 222 - -2?
224
In base 7, what is 6 + -2?
4
In base 16, what is -8 - -9?
1
In base 9, what is -1 + -6250?
-6251
In base 10, what is 1735 + 8?
1743
In base 3, what is -10 + -20200?
-20210
In base 2, what is -11 + 11100001?
11011110
In base 14, what is -129 - -5?
-124
In base 15, what is -7 + -11?
-18
In base 5, what is 4 + 3421?
3430
In base 15, what is 654 + d?
662
In base 13, what is -758 + -1?
-759
In base 4, what is -2 + 2032201?
2032133
In base 5, what is -223 + 10?
-213
In base 11, what is 292 - -15?
2a7
In base 15, what is 5 - -1e?
24
In base 12, what is 161 + -4?
159
In base 3, what is 1010 + 222?
2002
In base 2, what is -10110011 - -110?
-10101101
In base 2, what is -11101101 - 11?
-11110000
In base 11, what is -455 - -5?
-450
In base 14, what is -86 + -4?
-8a
In base 10, what is -8 + 806?
798
In base 11, what is 13 + 9?
21
In base 16, what is -13 - 134?
-147
In base 2, what is -110 - -10110000010?
10101111100
In base 12, what is 7 + 3b?
46
In base 16, what is 37 + 7f?
b6
In base 2, what is -100 + 1010?
110
In base 5, what is 114 + -21?
43
In base 7, what is 502 + 6?
511
In base 11, what is 1 + 26?
27
In base 4, what is 3 - 30021?
-30012
In base 8, what is 2 - -5507?
5511
In base 10, what is -4 - 46?
-50
In base 8, what is 1 + -30?
-27
In base 16, what is 48 - 3?
45
In base 16, what is 2 - -93?
95
In base 10, what is 31 - 2?
29
In base 3, what is 10 - -1011121?
1011201
In base 12, what is b85 - -4?
b89
In base 11, what is 31 + -7a?
-49
In base 4, what is 323 + 120?
1103
In base 10, what is 5 + -331?
-326
In base 8, what is 362 + 4?
366
In base 11, what is 18 + -12?
6
In base 3, what is -1 + 11110011?
11110010
In base 7, what is -5 + 2124?
2116
In base 3, what is -20 - 21?
-111
In base 2, what is 0 - 101101?
-101101
In base 10, what is -5 + -907?
-912
In base 2, what is -11110010100 - 100?
-11110011000
In base 8, what is 341 - -116?
457
In base 7, what is -2 - -1200?
1165
In base 3, what is -10 + 10?
0
In base 16, what is -7 + -26?
-2d
In base 3, what is -10 - 121?
-201
In base 13, what is 3 - a9?
-a6
In base 6, what is 2103 - 2?
2101
In base 2, what is 10010000 + -100?
10001100
In base 12, what is -1 + 230?
22b
In base 9, what is 3 + -2254?
-2251
In base 2, what is 11011111001 + 10101?
11100001110
In base 8, what is -164 + -4?
-170
In base 12, what is 5 + -1a02?
-19b9
In base 9, what is -3 - -101?
87
In base 10, what is 3627 - 4?
3623
In base 8, what is 4 + -112?
-106
In base 10, what is 4 - 52?
-48
In base 15, what is -32 + -45?
-77
In base 9, what is 25 - -3?
28
In base 11, what is 3 - -2264?
2267
In base 3, what is 100 - -1?
101
In base 4, what is 10 - 22301?
-22231
In base 2, what is 10100111000000 + -11?
10100110111101
In base 8, what is -1 - 7454?
-7455
In base 10, what is 72 + 3?
75
In base 8, what is 5 - -11051?
11056
In base 12, what is -2b - 170?
-19b
In base 16, what is 8c - 18?
74
In base 16, what is 26 - -126?
14c
In base 14, what is -7 - -12?
9
In base 16, what is -1 + 24?
23
In base 5, what is 0 - 204404?
-204404
In base 5, what is 422 - -4?
431
In base 10, what is -32 - -15?
-17
In base 16, what is -16 + 5?
-11
In base 16, what is 4 + 3b?
3f
In base 12, what is 2 + -418?
-416
In base 3, what is -12120 + -12?
-12202
In base 9, what is 1 - -30?
31
In base 13, what is 26 - -7?
30
In base 16, what is 75e + -7?
757
In base 16, what is bd + -5?
b8
In base 3, what is 2122002 + 11?
2122020
In base 11, what is -1 + 178?
177
In base 5, what is 4 - 102412?
-102403
In base 12, what is 0 - -6a?
6a
In base 11, what is 24 - 0?
24
In base 5, what is -11423 + 10?
-11413
In base 6, what is 10 - -31224?
31234
In base 14, what is -238 + -1b?
-255
In base 6, what is 1 - -214?
215
In base 6, what is -44 + -152?
-240
In base 3, what is 1101 + -10112?
-2011
In base 11, what is 2 - -48?
4a
In base 11, what is -4 + -65?
-69
In base 14, what is 3 - -16?
19
In base 6, what is -420542 + -4?
-420550
In base 16, what is 9b - 5?
96
In base 7, what is -230 + -40?
-300
In base 6, what is 210 - 252?
-42
In base 15, what is -5c5 - 5?
-5ca
In base 5, what is -3 + 4103?
4100
In base 6, what is 33343 - -4?
33351
In base 3, what is 1212 - 12?
1200
In base 7, what is 26 + -212?
-153
In base 5, what is -12 - -324?
312
In base 13, what is -4 - -b8?
b4
In base 11, what is -2 - 432?
-434
In base 7, what is 2 - 553?
-551
In base 13, what is 2 + 15b?
160
In base 4, what is -331120 - -22?
-331032
In base 10, what is 548 + 1?
549
In base 14, what is 1 - 755?
-754
In base 4, what is 212 + 10001?
10213
In base 5, what is -4 - -1011?
1002
In base 9, what is 442 + 3?
445
In base 4, what is -1311 - 20?
-1331
In base 15, what is -4 - -7?
3
In base 3, what is 2 - -1120?
1122
In base 13, what is 3 - 266?
-263
In base 14, what is 3c - 162?
-124
In base 3, what is -10002100 + 11?
-10002012
In base 10, what is 30 + 12?
42
In 